{"id":2,"date":"2019-03-22T20:04:52","date_gmt":"2019-03-22T20:04:52","guid":{"rendered":"http:\/\/haus-und-hofbarbier.de\/wp\/?page_id=2"},"modified":"2021-09-02T21:10:33","modified_gmt":"2021-09-02T20:10:33","slug":"sample-page","status":"publish","type":"page","link":"https:\/\/haus-und-hofbarbier.de\/wp\/?page_id=2","title":{"rendered":"Team"},"content":{"rendered":"<p>[vc_row][vc_column width=&#8221;1\/4&#8243;][vc_column_text]Seit \u00fcber 14 Jahren in der Wetterau gehen wir stets auf die W\u00fcnsche unserer Kunden ein und beraten sie rundum Frisuren &amp; Styling. Neben Nicole geh\u00f6ren auch die beiden franz\u00f6sischen Bulldoggen Romy und Seppi zum Team. :-)[\/vc_column_text][\/vc_column][vc_column width=&#8221;1\/4&#8243;]<div class=\"hellen-element wpb_content_element hellen-element-imagebox \" id=\"imagebox-1\">\n<div class=\"hellen-imagebox\">\n    \n    <div class=\"imagebox-inner\">\n    \n        <div class=\"bg-thumb\">\n            <div class=\"bg-element\" style=\"background-image:url(https:\/\/haus-und-hofbarbier.de\/wp\/wp-content\/uploads\/2021\/01\/Nicole_sw.jpg)\"><\/div>\n            <div class=\"height-element\" style=\"padding-bottom:100%;\"><\/div>\n        <\/div><!-- .bg-thumb -->\n        \n        <div class=\"imagebox-overlay\" style=\"background-color:rgba(10,10,10,0.14)\"><\/div>\n        \n                <div class=\"imagebox-text\">\n        \n            <h2 class=\"imagebox-title\">Nicole<\/h2>\n            \n        <\/div><!-- .imagebox-text -->\n                \n            \n    <\/div><!-- .imagebox-inner -->\n    \n<\/div><!-- .hellen-imagebox --><\/div>[\/vc_column][vc_column width=&#8221;1\/4&#8243;]<div class=\"hellen-element wpb_content_element hellen-element-imagebox \" id=\"imagebox-2\">\n<div class=\"hellen-imagebox\">\n    \n    <div class=\"imagebox-inner\">\n    \n        <div class=\"bg-thumb\">\n            <div class=\"bg-element\" style=\"background-image:url(https:\/\/haus-und-hofbarbier.de\/wp\/wp-content\/uploads\/2019\/04\/IMG_8309-Seppi.jpg)\"><\/div>\n            <div class=\"height-element\" style=\"padding-bottom:100%;\"><\/div>\n        <\/div><!-- .bg-thumb -->\n        \n        <div class=\"imagebox-overlay\" style=\"background-color:rgba(0,0,0,0.3)\"><\/div>\n        \n                <div class=\"imagebox-text\">\n        \n            <h2 class=\"imagebox-title\">Seppi<\/h2>\n            \n        <\/div><!-- .imagebox-text -->\n                \n            \n    <\/div><!-- .imagebox-inner -->\n    \n<\/div><!-- .hellen-imagebox --><\/div>[\/vc_column][vc_column width=&#8221;1\/4&#8243;]<div class=\"hellen-element wpb_content_element hellen-element-imagebox \" id=\"imagebox-3\">\n<div class=\"hellen-imagebox\">\n    \n    <div class=\"imagebox-inner\">\n    \n        <div class=\"bg-thumb\">\n            <div class=\"bg-element\" style=\"background-image:url(https:\/\/haus-und-hofbarbier.de\/wp\/wp-content\/uploads\/2019\/04\/IMG_8310-Romy.jpg)\"><\/div>\n            <div class=\"height-element\" style=\"padding-bottom:100%;\"><\/div>\n        <\/div><!-- .bg-thumb -->\n        \n        <div class=\"imagebox-overlay\" style=\"background-color:rgba(0,0,0,0.3)\"><\/div>\n        \n                <div class=\"imagebox-text\">\n        \n            <h2 class=\"imagebox-title\">Romy<\/h2>\n            \n        <\/div><!-- .imagebox-text -->\n                \n            \n    <\/div><!-- .imagebox-inner -->\n    \n<\/div><!-- .hellen-imagebox --><\/div>[\/vc_column][\/vc_row][vc_row][vc_column width=&#8221;1\/4&#8243;][\/vc_column][vc_column width=&#8221;1\/4&#8243;][\/vc_column][vc_column width=&#8221;1\/4&#8243;][\/vc_column][vc_column width=&#8221;1\/4&#8243;][\/vc_column][\/vc_row][vc_row][vc_column][\/vc_column][\/vc_row]<\/p>\n","protected":false},"excerpt":{"rendered":"<p>[vc_row][vc_column width=&#8221;1\/4&#8243;][vc_column_text]Seit \u00fcber 14 Jahren in der Wetterau gehen wir stets auf die W\u00fcnsche unserer Kunden ein und beraten sie rundum Frisuren &amp; Styling. Neben Nicole geh\u00f6ren auch die beiden franz\u00f6sischen Bulldoggen Romy und Seppi zum Team. :-)[\/vc_column_text][\/vc_column][vc_column width=&#8221;1\/4&#8243;][\/vc_column][vc_column width=&#8221;1\/4&#8243;][\/vc_column][vc_column width=&#8221;1\/4&#8243;][\/vc_column][\/vc_row][vc_row][vc_column width=&#8221;1\/4&#8243;][\/vc_column][vc_column width=&#8221;1\/4&#8243;][\/vc_column][vc_column width=&#8221;1\/4&#8243;][\/vc_column][vc_column width=&#8221;1\/4&#8243;][\/vc_column][\/vc_row][vc_row][vc_column][\/vc_column][\/vc_row]<\/p>\n","protected":false},"author":1,"featured_media":0,"parent":0,"menu_order":0,"comment_status":"closed","ping_status":"open","template":"","meta":[],"_links":{"self":[{"href":"https:\/\/haus-und-hofbarbier.de\/wp\/index.php?rest_route=\/wp\/v2\/pages\/2"}],"collection":[{"href":"https:\/\/haus-und-hofbarbier.de\/wp\/index.php?rest_route=\/wp\/v2\/pages"}],"about":[{"href":"https:\/\/haus-und-hofbarbier.de\/wp\/index.php?rest_route=\/wp\/v2\/types\/page"}],"author":[{"embeddable":true,"href":"https:\/\/haus-und-hofbarbier.de\/wp\/index.php?rest_route=\/wp\/v2\/users\/1"}],"replies":[{"embeddable":true,"href":"https:\/\/haus-und-hofbarbier.de\/wp\/index.php?rest_route=%2Fwp%2Fv2%2Fcomments&post=2"}],"version-history":[{"count":13,"href":"https:\/\/haus-und-hofbarbier.de\/wp\/index.php?rest_route=\/wp\/v2\/pages\/2\/revisions"}],"predecessor-version":[{"id":1814,"href":"https:\/\/haus-und-hofbarbier.de\/wp\/index.php?rest_route=\/wp\/v2\/pages\/2\/revisions\/1814"}],"wp:attachment":[{"href":"https:\/\/haus-und-hofbarbier.de\/wp\/index.php?rest_route=%2Fwp%2Fv2%2Fmedia&parent=2"}],"curies":[{"name":"wp","href":"https:\/\/api.w.org\/{rel}","templated":true}]}}

<p>[vc_row][vc_column width=&#8221;1/4&#8243;][vc_column_text]Seit über 14 Jahren in der Wetterau gehen wir stets auf die Wünsche unserer Kunden ein und beraten sie rundum Frisuren &amp; Styling. Neben Nicole gehören auch die beiden französischen Bulldoggen Romy und Seppi zum Team. :-)[/vc_column_text][/vc_column][vc_column width=&#8221;1/4&#8243;]<div class="hellen-element wpb_content_element hellen-element-imagebox " id="imagebox-1">
<div class="hellen-imagebox">
    
    <div class="imagebox-inner">
    
        <div class="bg-thumb">
            <div class="bg-element" style="background-image:url(https://haus-und-hofbarbier.de/wp/wp-content/uploads/2021/01/Nicole_sw.jpg)"></div>
            <div class="height-element" style="padding-bottom:100%;"></div>
        </div><!-- .bg-thumb -->
        
        <div class="imagebox-overlay" style="background-color:rgba(10,10,10,0.14)"></div>
        
                <div class="imagebox-text">
        
            <h2 class="imagebox-title">Nicole</h2>
            
        </div><!-- .imagebox-text -->
                
            
    </div><!-- .imagebox-inner -->
    
</div><!-- .hellen-imagebox --></div>[/vc_column][vc_column width=&#8221;1/4&#8243;]<div class="hellen-element wpb_content_element hellen-element-imagebox " id="imagebox-2">
<div class="hellen-imagebox">
    
    <div class="imagebox-inner">
    
        <div class="bg-thumb">
            <div class="bg-element" style="background-image:url(https://haus-und-hofbarbier.de/wp/wp-content/uploads/2019/04/IMG_8309-Seppi.jpg)"></div>
            <div class="height-element" style="padding-bottom:100%;"></div>
        </div><!-- .bg-thumb -->
        
        <div class="imagebox-overlay" style="background-color:rgba(0,0,0,0.3)"></div>
        
                <div class="imagebox-text">
        
            <h2 class="imagebox-title">Seppi</h2>
            
        </div><!-- .imagebox-text -->
                
            
    </div><!-- .imagebox-inner -->
    
</div><!-- .hellen-imagebox --></div>[/vc_column][vc_column width=&#8221;1/4&#8243;]<div class="hellen-element wpb_content_element hellen-element-imagebox " id="imagebox-3">
<div class="hellen-imagebox">
    
    <div class="imagebox-inner">
    
        <div class="bg-thumb">
            <div class="bg-element" style="background-image:url(https://haus-und-hofbarbier.de/wp/wp-content/uploads/2019/04/IMG_8310-Romy.jpg)"></div>
            <div class="height-element" style="padding-bottom:100%;"></div>
        </div><!-- .bg-thumb -->
        
        <div class="imagebox-overlay" style="background-color:rgba(0,0,0,0.3)"></div>
        
                <div class="imagebox-text">
        
            <h2 class="imagebox-title">Romy</h2>
            
        </div><!-- .imagebox-text -->
                
            
    </div><!-- .imagebox-inner -->
    
</div><!-- .hellen-imagebox --></div>[/vc_column][/vc_row][vc_row][vc_column width=&#8221;1/4&#8243;][/vc_column][vc_column width=&#8221;1/4&#8243;][/vc_column][vc_column width=&#8221;1/4&#8243;][/vc_column][vc_column width=&#8221;1/4&#8243;][/vc_column][/vc_row][vc_row][vc_column][/vc_column][/vc_row]</p>

<p>[vc_row][vc_column width=&#8221;1/4&#8243;][vc_column_text]Seit über 14 Jahren in der Wetterau gehen wir stets auf die Wünsche unserer Kunden ein und beraten sie rundum Frisuren &amp; Styling. Neben Nicole gehören auch die beiden französischen Bulldoggen Romy und Seppi zum Team. :-)[/vc_column_text][/vc_column][vc_column width=&#8221;1/4&#8243;][/vc_column][vc_column width=&#8221;1/4&#8243;][/vc_column][vc_column width=&#8221;1/4&#8243;][/vc_column][/vc_row][vc_row][vc_column width=&#8221;1/4&#8243;][/vc_column][vc_column width=&#8221;1/4&#8243;][/vc_column][vc_column width=&#8221;1/4&#8243;][/vc_column][vc_column width=&#8221;1/4&#8243;][/vc_column][/vc_row][vc_row][vc_column][/vc_column][/vc_row]</p>
